actors of 64632350?
2, 5, 389, 3323
List the prime factors of 92372226.
2, 3, 15395371
List the prime factors of 59061094.
2, 17, 163, 10657
List the prime factors of 43603913.
43603913
List the prime factors of 8131000.
2, 5, 47, 173
List the prime factors of 413325286.
2, 11, 18787513
What are the prime factors of 357921537?
3, 119307179
List the prime factors of 414211778.
2, 7753, 26713
What are the prime factors of 3594207905?
5, 227, 233, 13591
List the prime factors of 7763926630.
2, 5, 776392663
What are the prime factors of 233076321?
3, 31, 835399
What are the prime factors of 92165879?
13, 7089683
What are the prime factors of 31318272?
2, 3, 23, 197
List the prime factors of 211557183.
3, 89, 487, 1627
What are the prime factors of 44001844?
2, 11000461
List the prime factors of 346560438.
2, 3, 7, 461, 2557
List the prime factors of 120900216.
2, 3, 5037509
What are the prime factors of 1026314634?
2, 3, 171052439
List the prime factors of 115545808.
2, 7, 859, 1201
List the prime factors of 31751992.
2, 439, 9041
List the prime factors of 32001817.
32001817
List the prime factors of 99380585.
5, 23, 37573
What are the prime factors of 1020410542?
2, 19, 41, 34471
What are the prime factors of 7993216781?
11, 67, 2609, 4157
List the prime factors of 21481088.
2, 257, 653
List the prime factors of 36800046.
2, 3, 23, 103, 863
List the prime factors of 314687082.
2, 3, 19, 137, 20149
List the prime factors of 66270545.
5, 11, 113, 10663
List the prime factors of 540603239.
11, 29, 1694681
What are the prime factors of 1171322899?
17, 68901347
What are the prime factors of 306013812?
2, 3, 13, 233, 8419
List the prime factors of 2820688909.
17, 19, 151, 383
What are the prime factors of 42387015?
3, 5, 11, 37, 53, 131
List the prime factors of 227017134.
2, 3, 109, 38569
List the prime factors of 7678559414.
2, 19, 383, 527591
List the prime factors of 278157005.
5, 7, 7947343
List the prime factors of 1516027558.
2, 7541, 100519
List the prime factors of 810206828.
2, 1823, 111109
List the prime factors of 461285896.
2, 1031, 55927
What are the prime factors of 232446600?
2, 3, 5, 29, 61, 73
What are the prime factors of 1453540818?
2, 3, 61, 3971423
List the prime factors of 268585807.
7, 773, 1013
What are the prime factors of 11983677?
3, 3994559
What are the prime factors of 2867077674?
2, 3, 53094031
What are the prime factors of 16110194?
2, 571, 14107
List the prime factors of 87624205.
5, 17, 1030873
What are the prime factors of 157892728?
2, 7, 131, 21523
What are the prime factors of 339160606?
2, 169580303
List the prime factors of 4542354825.
3, 5, 29, 31, 67369
List the prime factors of 729465128.
2, 7, 853, 15271
What are the prime factors of 2061273218?
2, 3109, 331501
List the prime factors of 51966913.
23, 47, 48073
List the prime factors of 501869272.
2, 62733659
What are the prime factors of 3749766866?
2, 23, 81516671
List the prime factors of 156665560.
2, 5, 3916639
List the prime factors of 396516786.
2, 3, 1657, 39883
What are the prime factors of 2052758474?
2, 13, 2393, 32993
What are the prime factors of 38031382?
2, 19015691
List the prime factors of 451036078.
2, 17, 13265767
What are the prime factors of 23956078?
2, 11978039
What are the prime factors of 28053682?
2, 3331, 4211
What are the prime factors of 820789920?
2, 3, 5, 17, 33529
List the prime factors of 543524313.
3, 127, 1033, 1381
What are the prime factors of 31953871?
31953871
What are the prime factors of 117530820?
2, 3, 5, 11, 59359
List the prime factors of 94531401.
3, 3501163
What are the prime factors of 38894986?
2, 13, 1495961
What are the prime factors of 554273906?
2, 7603, 36451
What are the prime factors of 377797182?
2, 3, 7, 727, 12373
What are the prime factors of 65622434?
2, 47, 698111
What are the prime factors of 40810579?
23, 1774373
What are the prime factors of 60024672?
2, 3, 69473
List the prime factors of 68680606.
2, 101, 103, 3301
What are the prime factors of 807869?
807869
What are the prime factors of 6426600316?
2, 1606650079
What are the prime factors of 28986663?
3, 331, 29191
What are the prime factors of 1956228951?
3, 652076317
What are the prime factors of 135612218?
2, 7, 257, 37691
List the prime factors of 989220507.
3, 11, 3413, 8783
List the prime factors of 22835427.
3, 7611809
List the prime factors of 459356639.
7, 79, 113, 7351
What are the prime factors of 5880908?
2, 11, 133657
What are the prime factors of 1981817241?
3, 23, 28721989
What are the prime factors of 149227007?
19, 211, 37223
What are the prime factors of 18683035?
5, 7, 533801
List the prime factors of 127608539.
6143, 20773
List the prime factors of 235639182.
2, 3, 73, 239, 2251
What are the prime factors of 139554134?
2, 211, 330697
List the prime factors of 38659613.
38659613
List the prime factors of 778463825.
5, 31138553
What are the prime factors of 625613813?
11, 3121, 18223
What are the prime factors of 119754114?
2, 3, 19959019
What are the prime factors of 31317054?
2, 3, 19, 274711
What are the prime factors of 3268711642?
2, 7, 233479403
What are the prime factors of 870271616?
2, 17, 399941
List the prime factors of 55499098.
2, 29, 956881
List the prime factors of 371978929.
7, 2837, 18731
List the prime factors of 299259015.
3, 5, 11, 164881
What are the prime factors of 201800190?
2, 3, 5, 619, 10867
What are the prime factors of 68854884?
2, 3, 7, 819701
What are the prime factors of 2164497031?
2164497031
List the prime factors of 264312130.
2, 5, 383, 69011
What are the prime factors of 204426960?
2, 3, 5, 317, 2687
What are the prime factors of 2692243?
19, 141697
List the prime factors of 61017227.
19, 3211433
What are the prime factors of 2265366700?
2, 5, 22653667
List the prime factors of 350062942.
2, 175031471
List the prime factors of 63129250.
2, 5, 23, 10979
List the prime factors of 190672494.
2, 3, 2087, 15227
List the prime factors of 3169896058.
2, 7, 17, 41, 563, 577
List the prime factors of 275187873.
3, 29, 157, 20147
What are the prime factors of 189932815?
5, 31, 1225373
What are the prime factors of 843629602?
2, 19, 47, 563, 839
What are the prime factors of 1579161187?
1579161187
List the prime factors of 498783478.
2, 19, 1907, 6883
What are the prime factors of 83916203?
7, 11988029
What are the prime factors of 11101948?
2, 11, 13, 1493
What are the prime factors of 2423061673?
2423061673
List the prime factors of 6473149449.
3, 13, 17, 71, 8089
List the prime factors of 25514552.
2, 7, 17, 26801
List the prime factors of 6754000.
2, 5, 11, 307
List the prime factors of 58451927.
7253, 8059
List the prime factors of 236216944.
2, 14763559
What are the prime factors of 804186284?
2, 11, 59, 309779
List the prime factors of 2668331418.
2, 3, 61, 7290523
What are the prime factors of 106696909?
11, 47, 4391
What are the prime factors of 11992059?
3, 19, 3691
What are the prime factors of 74877386?
2, 2087, 17939
What are the prime factors of 1227024811?
1319, 930269
List the prime factors of 18998510.
2, 5, 743, 2557
List the prime factors of 99953736.
2, 3, 41, 157, 647
List the prime factors of 146352256.
2, 181, 6317
What are the prime factors of 66315043?
66315043
List the prime factors of 380453405.
5, 76090681
What are the prime factors of 766367925?
3, 5, 10218239
List the prime factors of 89806677.
3, 5387, 5557
List the prime factors of 804097482.
2, 3, 73, 1835839
List the prime factors of 57130261.
29, 41, 48049
List the prime factors of 372612368.
2, 23288273
What are the prime factors of 35980057?
31, 53, 61, 359
List the prime factors of 18179391.
3, 443, 13679
What are the prime factors of 563126936?
2, 1009, 69763
What are the prime factors of 4142464030?
2, 5, 414246403
What are the prime factors of 61648574?
2, 13, 2371099
What are the prime factors of 25858219?
25858219
What are the prime factors of 6756785?
5, 7, 193051
List the prime factors of 3302464911.
3, 547, 2012471
What are the prime factors of 4572699919?
31, 2297, 64217
List the prime factors of 3281550301.
14503, 226267
What are the prime factors of 17418823?
37, 470779
List the prime factors of 50025673.
61, 820093
List the prime factors of 1780037586.
2, 3, 32963659
What are the prime factors of